+ 21*t. Is g(t) a composite number?
True
Let j(i) = 60*i**3 + 10*i**2 - 32*i + 117. Is j(4) a composite number?
False
Let d be 4/(-3 - -4) - (-4 + 8). Suppose 7 = -3*t + 13, d = -3*k - 2*t + 33346. Is k a composite number?
True
Let c be (0/(-7 - -13))/(-2). Suppose c = -64*i + 55*i + 158913. Is i a composite number?
False
Let x = 199 - 115. Let h = x + -84. Suppose -7*z + 6445 + 4356 = h. Is z prime?
True
Suppose -18458068 = -393*z + 965171. Is z a prime number?
False
Let q be 377586/10 + (-92)/(-230). Suppose 6*g - 5*g = 3*d + 7543, -4*d = -5*g + q. Is g a prime number?
False
Let b(f) be the second derivative of -967*f**3/6 - 7*f**2/2 - 15*f. Let q be b(-2). Let z = q + -1040. Is z prime?
True
Let v(u) = 115*u**2 - 59*u - 1. Suppose -r - 2*j + 18 = -j, 0 = -4*j. Is v(r) composite?
True
Let l(t) = 18*t**2 - 394*t - 1. Is l(25) composite?
False
Suppose 321277 = 18*a + 36193. Is a prime?
False
Let y(h) = 479*h**2 - 23*h + 40. Let q be y(2). Suppose -15*o = -13*o - q. Is o a prime number?
False
Suppose 2*j = -3*g + 5*j + 234873, -234880 = -3*g - 4*j. Is 33/55 - g/(-5) a prime number?
False
Let n be 4/10 - (-41152)/20*1. Suppose 9 = 3*s, -4*r - n = s - 14533. Suppose 0 = -5*u + 1407 + r. Is u composite?
True
Suppose p = -3*g + 2 + 12, -5*p + 37 = 4*g. Is (-2473 - 0/g)/(0 + -1) composite?
False
Suppose -5*s = -3*s - 21662. Let o = -6284 - s. Is 3/(-12) + (o/(-4))/7 a composite number?
True
Suppose -10*d + 115 = 25. Suppose -a - 14*y + 3836 = -d*y, -11497 = -3*a - 4*y. Is a prime?
False
Let i = 177 - 172. Suppose -i*l = -4*g - 14663, 4*l - 11728 = 17*g - 13*g. Is l a prime number?
False
Let f be 10/(4 - -1) - 3. Let g be 3 + f + 0 + -10. Is (-10524)/g*(-8)/(-12) composite?
False
Let r(x) = -525*x**3 - 21*x. Let a be r(6). Is (-10 - (-369)/36) + a/(-8) a prime number?
False
Suppose -k - 572*q = -568*q - 69439, -3*q = -5*k + 347126. Is k composite?
False
Let v(r) = 3*r + 53. Let w be v(-18). Is w/(1/(-2))*34199/22 a composite number?
False
Let f(a) = -38*a - 273. Let x be f(-7). Let o(v) = 171*v**2 + 9*v - 5. Is o(x) prime?
True
Let g(h) = -h**3 + 7*h**2 + 4*h - 27. Let n be g(7). Is (20 - 16) + (n - (-5712)/2) a prime number?
True
Let h(t) = 4 - 3*t + 5*t - 3*t. Let o be h(3). Is (o/(-2))/(4/(-12016)) composite?
True
Let y = -12 + 16. Suppose -y*d - 9435 = 82229. Is 4/28 - d/14 a composite number?
False
Let c(f) = f**3 - 6*f**2 - 15*f - 11. Let k be c(8). Let x(z) = 4*z + 10. Let u be x(k). Let p(y) = 224*y**2 - 6*y - 9. Is p(u) a composite number?
True
Let u be (35/14)/((-2)/(-4)). Let b(y) = 22*y - 66. Let c be b(3). Suppose -895 = -u*x - c*x. Is x a composite number?
False
Let z be 8/60 - 2/((-120)/(-908)). Let y be (-40)/z - (-4)/(-6). Let c(o) = 59*o**3 - o**2 + o + 1. Is c(y) composite?
True
Suppose 22*d = 11*d + 55. Let q be (d - (-19)/(-3))*-7713. Let i = q + -6338. Is i a composite number?
True
Let o = 74 - 67. Suppose -o*u - 15 = -85. Is -393*(u/(-5))/6 a composite number?
False
Suppose -z + 4*x + 11540 = 3*z, 4*x = -3*z + 8655. Suppose 6*s - s + v = 14545, -5*v = s - z. Let a = -603 + s. Is a composite?
True
Suppose 0 = -z + g + 193, -4*z - 8*g = -4*g - 748. Suppose -181*u + z*u - 115137 = 0. Is u composite?
True
Suppose -58*i + 6*i - 2281773 = -23648521. Is i a composite number?
False
Is (1/7 - 1209/(-651)) + 157681 prime?
False
Let y be 27/(-189) - 68/14. Let u = 198 - 96. Is (-5)/y*(u - 5) a composite number?
False
Is (-128)/40 - -4 - 7332367/(-35) composite?
False
Is (-5998349)/(-70) - 126/(-420) prime?
True
Suppose k + 5 = -0. Let t = 500 + -378. Let c = t - k. Is c prime?
True
Suppose 56*h + 236603786 = 534*h. Is h a composite number?
False
Suppose 74*y - 3*y - 20085832 = -33*y. Is y prime?
True
Is (-3)/(-9) + 454762/33 a composite number?
False
Let f(i) = -297*i + 1. Let x be f(-1). Let t be (-4)/(-24) - x/(-12). Suppose t*r - 30*r + 9175 = 0. Is r a prime number?
False
Let u = 3440 - 987. Let i be -1 - -1 - 1539/1. Let l = u + i. Is l a prime number?
False
Let b = -1897094 - -4302217. Is b composite?
True
Let p = -14 - -37. Let j = p + -20. Suppose 0 = -5*f - 5*r + 285, j*f - 194 + 31 = r. Is f a composite number?
True
Let n = 6855 + -4194. Suppose -1457 = -3*t - 2*g + 6510, -t + 2*g + n = 0. Is t a prime number?
True
Let u(c) = -108698*c + 63. Is u(-1) a prime number?
True
Let h(x) = x**3 - 10*x**2 + 18*x - 12. Let z be h(8). Suppose -10117 = -z*k + 3*u, -4*k + u = 3*u - 10142. Is k prime?
False
Let y(b) = -1. Let k(l) = 22*l - 127. Let i(n) = -k(n) - 2*y(n). Is i(-30) composite?
True
Let r(w) = 12*w**2 - 3*w - 2. Let d be 4/16 + 10/(-8). Let b(l) = 6*l + 3. Let u be b(d). Is r(u) prime?
False
Suppose 0 = -7*b + 2491 + 18502. Suppose -b = -23*v + 22*v. Is v a composite number?
False
Let p(n) = 66*n**3 - 57*n**2 + 60*n - 73. Is p(20) a composite number?
False
Let n(x) be the first derivative of 434*x**3/3 - 7*x**2 + 9*x - 99. Is n(-5) a composite number?
True
Let d = -548 + 566. Suppose d*l = 88166 + 2536. Is l composite?
False
Let l(t) = -t**3 - 13*t**2 + 31*t + 351. Let r be l(-21). Let a = 177 + 393. Suppose -6*j - a + r = 0. Is j prime?
True
Let z(l) = -12*l**3 - l**2 - l - 2. Let i be (-2)/(-7) - (-66)/14 - 4. Let t(c) = -c**3 + c. Let f(k) = i*z(k) - 4*t(k). Is f(-4) a prime number?
False
Let t = -1908 - -7205. Is t composite?
False
Suppose -3*k = 2*k + 30. Let i be 6/(k - -5)*(-8)/6. Suppose -i*c + 20 = -3252. Is c composite?
False
Suppose -4*z + 8 = -2*j, -2*j = -6*j - 5*z + 36. Suppose 765 - 3053 = -j*l. Suppose -l = -6*c + 2770. Is c composite?
False
Let w(g) = -15*g**3 - 2*g**2 - 153*g + 13. Is w(-14) prime?
True
Suppose -3 = -3*w, -19*j + w = -15*j - 36955. Is j a composite number?
False
Suppose 912680 = 2*n + r, -1644313 + 275308 = -3*n - 4*r. Is n a prime number?
False
Suppose -4*o - 10462 = -32154. Let k = -3522 + o. Is k composite?
False
Let p be 4/(-14) + (-1868)/28. Let b = 254 + -256. Is (-7 - -8)*p/(1 + b) a prime number?
True
Let f be (-4)/5 + (-1126530)/150. Let s = f + 14262. Is s composite?
True
Let j be (-816 + 4 + -10)/((-6)/(-4)). Let b = 601 - j. Is b a prime number?
False
Let m be (136/(-170))/((-2)/25). Is 33718/6 - m/15 a composite number?
True
Let m = 137 - 137. Suppose m = -4*n - 2*u + 5896, 7369 = 5*n + 2*u - 0*u. Is n prime?
False
Suppose -4*g + 5*g - 70103 = -3*i, -23381 = -i + 3*g. Suppose -4*d + 25253 + i = 2*j, 0 = 3*d - 9. Is j composite?
True
Is (-19)/(171/27) - -253566 composite?
True
Let m(q) be the second derivative of 5*q**4/12 + q**2/2 + 10*q. Let n be m(1). Suppose -7 - 179 = -n*r. Is r a prime number?
True
Let i(q) = -4*q - 5. Let z(c) = -8*c - 9. Let y(w) = 7*i(w) - 4*z(w). Let u be y(-4). Let b = 226 + u. Is b a composite number?
False
Let i(b) = -542*b - 1387. Is i(-42) prime?
True
Suppose -4*s = -3*m - 153, -20*m + 22*m + 74 = 2*s. Suppose s*h - 26*h = 75184. Is h prime?
False
Suppose -q - 2*y = -360077, -q - 125262 = -3*y - 485369. Is q a composite number?
False
Let q(h) = -15*h**2 + 56*h - 86. Let l(a) = 7*a**2 - 28*a + 43. Let m(d) = 5*l(d) + 2*q(d). Is m(22) composite?
False
Let r = 9 - 5. Suppose 0*s - r = -2*s. Suppose -8 = 4*g - 0*g, -s*l + 2872 = 3*g. Is l composite?
False
Suppose 113002 + 68618 = 3*j + 5*x, -4*j = 3*x - 242149. Is j composite?
True
Suppose -4*r = 218 - 234. Let x(k) = 1377*k + 131. Is x(r) prime?
True
Let f be (-43 - -45)*(-2)/4. Is (f/(-1) - -22)*83 composite?
True
Suppose 3*p - 4*m - 9374119 = 0, -25*m = 5*p - 27*m - 15623541. Is p a prime number?
False
Let c(i) = 8*i - 6. Let l(f) = 7*f - 6. Let w(y) = 6*c(y) - 7*l(y). Let a be w(-14). Suppose -a*m - 805 = -25*m. Is m a composite number?
True
Suppose 4*s + 2*i = -88528, 0 = -3*s - 0*i - 2*i - 66395. Let z = s - -32662. Is z composite?
False
Suppose 58 = 4*c + b, -6*c + 4*c - 5*b + 20 = 0. Suppose 3 = -4*w + c. Suppose 0 = -3*z - 9, -2*u + 3*z = w*u - 5254. Is u composite?
False
Suppose -l - 4*w + 39949 = 0, 0 = -29*l + 28*l + 6*w + 39899. Is l composite?
False
Let x be (1/(-3))/(3/(-36)). Suppose 0 = x*p - 642 - 442. Let a = -48 + p. Is a composite?
False
Let h(z) = 84*z + 1. Let o be h(6). Let l be o/35 + (-24)/(-42). Is (3 - 8307/(-15)) + 3/l prime?
True
Suppose 4*a - 3 = j + 1, 8 = -3*a - 2*j. Suppose 2*h = 4*h + 2*c - 12616, -2*h + 3*c + 12606 = a. Suppose 0 = -5*q + 4*z + h, -5*z + 7 - 2 = 0.